{"id":63,"date":"2023-10-07T01:34:41","date_gmt":"2023-10-06T23:34:41","guid":{"rendered":"https:\/\/dragontechsolutions.belbarqsarioec.com\/?post_type=product&#038;p=63"},"modified":"2023-10-07T01:34:42","modified_gmt":"2023-10-06T23:34:42","slug":"tp-link-tapo-c-200-camara-de-seguridad","status":"publish","type":"product","link":"https:\/\/dragontechsolutions.belbarqsarioec.com\/index.php\/producto\/tp-link-tapo-c-200-camara-de-seguridad\/","title":{"rendered":"TP-Link Tapo C-200 C\u00e1mara de Seguridad"},"content":{"rendered":"<p class=\"medium title-prev\">Segura, Inteligente, F\u00e1cil.<\/p>\n<h2 class=\"bold title\">Vigila lo que m\u00e1s te importa.<\/h2>\n<p class=\"regular title-sub\">C\u00e1mara Wi-Fi Rotatoria de Seguridad para Casa<br \/>\nTapo C200<\/p>\n","protected":false},"excerpt":{"rendered":"<ul>\n<li>Resoluci\u00f3n 1080p<\/li>\n<li>Almacenamiento hasta 120GB (No Incluida)<\/li>\n<li>Visi\u00f3n Nocturna<\/li>\n<li>Detecci\u00f3n de Movimiento<\/li>\n<li>Alarma<\/li>\n<li>Giro de 360 grados<\/li>\n<li>Rotaci\u00f3n X-Y<\/li>\n<li>Control por tel\u00e9fono<\/li>\n<\/ul>\n","protected":false},"featured_media":64,"comment_status":"open","ping_status":"closed","template":"","meta":{"_uag_custom_page_level_css":""},"product_cat":[25,26],"product_tag":[],"uagb_featured_image_src":{"full":["https:\/\/dragontechsolutions.belbarqsarioec.com\/wp-content\/uploads\/2023\/10\/61VhJEchChL._AC_SL1500_.jpg",1432,1462,false],"thumbnail":["https:\/\/dragontechsolutions.belbarqsarioec.com\/wp-content\/uploads\/2023\/10\/61VhJEchChL._AC_SL1500_-150x150.jpg",150,150,true],"medium":["https:\/\/dragontechsolutions.belbarqsarioec.com\/wp-content\/uploads\/2023\/10\/61VhJEchChL._AC_SL1500_-294x300.jpg",294,300,true],"medium_large":["https:\/\/dragontechsolutions.belbarqsarioec.com\/wp-content\/uploads\/2023\/10\/61VhJEchChL._AC_SL1500_-768x784.jpg",640,653,true],"large":["https:\/\/dragontechsolutions.belbarqsarioec.com\/wp-content\/uploads\/2023\/10\/61VhJEchChL._AC_SL1500_-1003x1024.jpg",640,653,true],"1536x1536":["https:\/\/dragontechsolutions.belbarqsarioec.com\/wp-content\/uploads\/2023\/10\/61VhJEchChL._AC_SL1500_.jpg",1432,1462,false],"2048x2048":["https:\/\/dragontechsolutions.belbarqsarioec.com\/wp-content\/uploads\/2023\/10\/61VhJEchChL._AC_SL1500_.jpg",1432,1462,false],"ecommerce-solution-homepage-thumb":["https:\/\/dragontechsolutions.belbarqsarioec.com\/wp-content\/uploads\/2023\/10\/61VhJEchChL._AC_SL1500_-240x145.jpg",240,145,true],"mailpoet_newsletter_max":["https:\/\/dragontechsolutions.belbarqsarioec.com\/wp-content\/uploads\/2023\/10\/61VhJEchChL._AC_SL1500_-1320x1348.jpg",1320,1348,true],"woocommerce_thumbnail":["https:\/\/dragontechsolutions.belbarqsarioec.com\/wp-content\/uploads\/2023\/10\/61VhJEchChL._AC_SL1500_-300x300.jpg",300,300,true],"woocommerce_single":["https:\/\/dragontechsolutions.belbarqsarioec.com\/wp-content\/uploads\/2023\/10\/61VhJEchChL._AC_SL1500_-600x613.jpg",600,613,true],"woocommerce_gallery_thumbnail":["https:\/\/dragontechsolutions.belbarqsarioec.com\/wp-content\/uploads\/2023\/10\/61VhJEchChL._AC_SL1500_-100x100.jpg",100,100,true]},"uagb_author_info":{"display_name":"DAdmin","author_link":"https:\/\/dragontechsolutions.belbarqsarioec.com\/index.php\/author\/"},"uagb_comment_info":0,"uagb_excerpt":"Resoluci\u00f3n 1080p Almacenamiento hasta 120GB (No Incluida) Visi\u00f3n Nocturna Detecci\u00f3n de Movimiento Alarma Giro de 360 grados Rotaci\u00f3n X-Y Control por tel\u00e9fono","_links":{"self":[{"href":"https:\/\/dragontechsolutions.belbarqsarioec.com\/index.php\/wp-json\/wp\/v2\/product\/63"}],"collection":[{"href":"https:\/\/dragontechsolutions.belbarqsarioec.com\/index.php\/wp-json\/wp\/v2\/product"}],"about":[{"href":"https:\/\/dragontechsolutions.belbarqsarioec.com\/index.php\/wp-json\/wp\/v2\/types\/product"}],"replies":[{"embeddable":true,"href":"https:\/\/dragontechsolutions.belbarqsarioec.com\/index.php\/wp-json\/wp\/v2\/comments?post=63"}],"wp:featuredmedia":[{"embeddable":true,"href":"https:\/\/dragontechsolutions.belbarqsarioec.com\/index.php\/wp-json\/wp\/v2\/media\/64"}],"wp:attachment":[{"href":"https:\/\/dragontechsolutions.belbarqsarioec.com\/index.php\/wp-json\/wp\/v2\/media?parent=63"}],"wp:term":[{"taxonomy":"product_cat","embeddable":true,"href":"https:\/\/dragontechsolutions.belbarqsarioec.com\/index.php\/wp-json\/wp\/v2\/product_cat?post=63"},{"taxonomy":"product_tag","embeddable":true,"href":"https:\/\/dragontechsolutions.belbarqsarioec.com\/index.php\/wp-json\/wp\/v2\/product_tag?post=63"}],"curies":[{"name":"wp","href":"https:\/\/api.w.org\/{rel}","templated":true}]}}